{"id":337,"date":"2024-07-31T13:46:00","date_gmt":"2024-07-31T13:46:00","guid":{"rendered":"https:\/\/larah.hr\/?page_id=337"},"modified":"2025-01-08T13:13:18","modified_gmt":"2025-01-08T13:13:18","slug":"no-title","status":"publish","type":"page","link":"https:\/\/larah.hr\/index.php\/no-title\/","title":{"rendered":"Pozivnica u trenutak"},"content":{"rendered":"\n<h1 class=\"wp-block-heading\">Pozivnica u trenutak<\/h1>\n\n\n\n<div class=\"wp-block-media-text is-stacked-on-mobile\"><figure class=\"wp-block-media-text__media\"><img loading=\"lazy\" decoding=\"async\" width=\"708\" height=\"887\" src=\"https:\/\/larah.hr\/wp-content\/uploads\/2024\/07\/NatIva-kartice-65x70-dragged.pdf.png\" alt=\"\" class=\"wp-image-272 size-full\" srcset=\"https:\/\/larah.hr\/wp-content\/uploads\/2024\/07\/NatIva-kartice-65x70-dragged.pdf.png 708w, https:\/\/larah.hr\/wp-content\/uploads\/2024\/07\/NatIva-kartice-65x70-dragged.pdf-239x300.png 239w\" sizes=\"auto, (max-width: 708px) 100vw, 708px\" \/><\/figure><div class=\"wp-block-media-text__content\">\n<p>Doga\u0111anja u prostoru su zami\u0161ljena i kreirana kao podr\u0161ka rastu i razvoju pojedinaca i zajednice na svim razinama \u2013 fizi\u010dkoj, emocionalnoj, intelektualnoj i duhovnoj.<\/p>\n\n\n\n<p>Za sudjelovanje nije potrebno nikakvo predznanje.&nbsp;Dobro do\u0161li su svi koji su spremni upoznati nove ljude i nove na\u010dine istra\u017eivanja, u\u010denja i podr\u017eavanja.<\/p>\n\n\n\n<p>Pridru\u017ei nam se na radionicama kreiranim u suradnji s&nbsp;<a href=\"https:\/\/www.nativabodywork.hr\/\">Nat-Iva Bodywork.<\/a><\/p>\n<\/div><\/div>\n\n\n\n<div style=\"height:21px\" aria-hidden=\"true\" class=\"wp-block-spacer\"><\/div>\n\n\n\n<hr class=\"wp-block-separator has-alpha-channel-opacity\"\/>\n\n\n\n<div style=\"height:21px\" aria-hidden=\"true\" class=\"wp-block-spacer\"><\/div>\n\n\n\n<h2 class=\"wp-block-heading\">Aktualno<\/h2>\n\n\n\n<h4 class=\"wp-block-heading\">Dru\u017eenje s Pozivnicom u trenutak<\/h4>\n\n\n\n<p>Svaki drugi ponedjeljak dru\u017eimo se s Pozivnicom u trenutak:<\/p>\n\n\n\n<p>datumi za 2025. uskoro<\/p>\n\n\n\n<p>Vrijeme trajanja: 20h \u2013 21h<\/p>\n\n\n\n<p>Prijavi se na vrijeme: uskoro<\/p>\n\n\n\n<p>Vi\u0161e na: <a href=\"https:\/\/www.nativabodywork.hr\/2024\/06\/24\/zajedno\/\">https:\/\/www.nativabodywork.hr\/2024\/06\/24\/zajedno\/<\/a><\/p>\n\n\n\n<div style=\"height:30px\" aria-hidden=\"true\" class=\"wp-block-spacer\"><\/div>\n\n\n\n<hr class=\"wp-block-separator has-alpha-channel-opacity\"\/>\n\n\n\n<div style=\"height:21px\" aria-hidden=\"true\" class=\"wp-block-spacer\"><\/div>\n\n\n\n<h2 class=\"wp-block-heading\">U Prostoru vas o\u010dekuju:<\/h2>\n\n\n\n<div class=\"wp-block-media-text is-stacked-on-mobile\"><figure class=\"wp-block-media-text__media\"><img loading=\"lazy\" decoding=\"async\" width=\"786\" height=\"1023\" src=\"https:\/\/larah.hr\/wp-content\/uploads\/2024\/07\/screenshot-2024-06-27-at-17.20.19.webp\" alt=\"\" class=\"wp-image-339 size-full\" srcset=\"https:\/\/larah.hr\/wp-content\/uploads\/2024\/07\/screenshot-2024-06-27-at-17.20.19.webp 786w, https:\/\/larah.hr\/wp-content\/uploads\/2024\/07\/screenshot-2024-06-27-at-17.20.19-230x300.webp 230w, https:\/\/larah.hr\/wp-content\/uploads\/2024\/07\/screenshot-2024-06-27-at-17.20.19-768x1000.webp 768w\" sizes=\"auto, (max-width: 786px) 100vw, 786px\" \/><\/figure><div class=\"wp-block-media-text__content\">\n<p>Ivana Neki\u0107, Shiatsu prakti\u010darka, kreatorica i inovatorica&nbsp;kartica \u201ePozivnica u trenutak\u201d&nbsp;i zaljubljenica u prakti\u010dnu razinu pitanja \u201eKAKO?\u201d<\/p>\n\n\n\n<p>i<\/p>\n\n\n\n<p>Lara Hu\u0161njak, edukantica psihoterapije, prakti\u010darka TRE tehnike i zaljubljenica u ples i pokret kroz koji u\u017eiva u istra\u017eivanju tijela i emocija<\/p>\n<\/div><\/div>\n\n\n\n<div style=\"height:14px\" aria-hidden=\"true\" class=\"wp-block-spacer\"><\/div>\n\n\n\n<div class=\"wp-block-buttons is-content-justification-center is-layout-flex wp-container-core-buttons-is-layout-a89b3969 wp-block-buttons-is-layout-flex\">\n<div class=\"wp-block-button\"><a class=\"wp-block-button__link wp-element-button\" href=\"mailto:pozivnicautrenutak@gmail.com\">Kontaktiraj nas<\/a><\/div>\n<\/div>\n","protected":false},"excerpt":{"rendered":"<p>Pozivnica u trenutak Doga\u0111anja u prostoru su zami\u0161ljena i kreirana kao podr\u0161ka rastu i razvoju pojedinaca i zajednice na svim razinama \u2013 fizi\u010dkoj, emocionalnoj, intelektualnoj i duhovnoj. Za sudjelovanje nije potrebno nikakvo predznanje.&nbsp;Dobro do\u0161li su svi koji su spremni upoznati nove ljude i nove na\u010dine istra\u017eivanja, u\u010denja i podr\u017eavanja. Pridru\u017ei nam se na radionicama kreiranim [&hellip;]<\/p>\n","protected":false},"author":1,"featured_media":0,"parent":0,"menu_order":0,"comment_status":"closed","ping_status":"closed","template":"","meta":{"footnotes":""},"class_list":["post-337","page","type-page","status-publish","hentry"],"yoast_head":"<!-- This site is optimized with the Yoast SEO plugin v26.2 - https:\/\/yoast.com\/wordpress\/plugins\/seo\/ -->\n<title>Pozivnica u trenutak - Larah<\/title>\n<meta name=\"robots\" content=\"index, follow, max-snippet:-1, max-image-preview:large, max-video-preview:-1\" \/>\n<link rel=\"canonical\" href=\"https:\/\/larah.hr\/index.php\/no-title\/\" \/>\n<meta property=\"og:locale\" content=\"en_US\" \/>\n<meta property=\"og:type\" content=\"article\" \/>\n<meta property=\"og:title\" content=\"Pozivnica u trenutak - Larah\" \/>\n<meta property=\"og:description\" content=\"Pozivnica u trenutak Doga\u0111anja u prostoru su zami\u0161ljena i kreirana kao podr\u0161ka rastu i razvoju pojedinaca i zajednice na svim razinama \u2013 fizi\u010dkoj, emocionalnoj, intelektualnoj i duhovnoj. Za sudjelovanje nije potrebno nikakvo predznanje.&nbsp;Dobro do\u0161li su svi koji su spremni upoznati nove ljude i nove na\u010dine istra\u017eivanja, u\u010denja i podr\u017eavanja. Pridru\u017ei nam se na radionicama kreiranim [&hellip;]\" \/>\n<meta property=\"og:url\" content=\"https:\/\/larah.hr\/index.php\/no-title\/\" \/>\n<meta property=\"og:site_name\" content=\"Larah\" \/>\n<meta property=\"article:publisher\" content=\"https:\/\/www.facebook.com\/profile.php?id=61555652999610\" \/>\n<meta property=\"article:modified_time\" content=\"2025-01-08T13:13:18+00:00\" \/>\n<meta property=\"og:image\" content=\"https:\/\/larah.hr\/wp-content\/uploads\/2024\/07\/NatIva-kartice-65x70-dragged.pdf.png\" \/>\n\t<meta property=\"og:image:width\" content=\"708\" \/>\n\t<meta property=\"og:image:height\" content=\"887\" \/>\n\t<meta property=\"og:image:type\" content=\"image\/png\" \/>\n<meta name=\"twitter:card\" content=\"summary_large_image\" \/>\n<meta name=\"twitter:label1\" content=\"Est. reading time\" \/>\n\t<meta name=\"twitter:data1\" content=\"2 minutes\" \/>\n<script type=\"application\/ld+json\" class=\"yoast-schema-graph\">{\"@context\":\"https:\/\/schema.org\",\"@graph\":[{\"@type\":\"WebPage\",\"@id\":\"https:\/\/larah.hr\/index.php\/no-title\/\",\"url\":\"https:\/\/larah.hr\/index.php\/no-title\/\",\"name\":\"Pozivnica u trenutak - Larah\",\"isPartOf\":{\"@id\":\"https:\/\/larah.hr\/#website\"},\"primaryImageOfPage\":{\"@id\":\"https:\/\/larah.hr\/index.php\/no-title\/#primaryimage\"},\"image\":{\"@id\":\"https:\/\/larah.hr\/index.php\/no-title\/#primaryimage\"},\"thumbnailUrl\":\"https:\/\/larah.hr\/wp-content\/uploads\/2024\/07\/NatIva-kartice-65x70-dragged.pdf.png\",\"datePublished\":\"2024-07-31T13:46:00+00:00\",\"dateModified\":\"2025-01-08T13:13:18+00:00\",\"breadcrumb\":{\"@id\":\"https:\/\/larah.hr\/index.php\/no-title\/#breadcrumb\"},\"inLanguage\":\"en-US\",\"potentialAction\":[{\"@type\":\"ReadAction\",\"target\":[\"https:\/\/larah.hr\/index.php\/no-title\/\"]}]},{\"@type\":\"ImageObject\",\"inLanguage\":\"en-US\",\"@id\":\"https:\/\/larah.hr\/index.php\/no-title\/#primaryimage\",\"url\":\"https:\/\/larah.hr\/wp-content\/uploads\/2024\/07\/NatIva-kartice-65x70-dragged.pdf.png\",\"contentUrl\":\"https:\/\/larah.hr\/wp-content\/uploads\/2024\/07\/NatIva-kartice-65x70-dragged.pdf.png\",\"width\":708,\"height\":887},{\"@type\":\"BreadcrumbList\",\"@id\":\"https:\/\/larah.hr\/index.php\/no-title\/#breadcrumb\",\"itemListElement\":[{\"@type\":\"ListItem\",\"position\":1,\"name\":\"Home\",\"item\":\"https:\/\/larah.hr\/\"},{\"@type\":\"ListItem\",\"position\":2,\"name\":\"Pozivnica u trenutak\"}]},{\"@type\":\"WebSite\",\"@id\":\"https:\/\/larah.hr\/#website\",\"url\":\"https:\/\/larah.hr\/\",\"name\":\"Larah\",\"description\":\"Grupna i individualna podr\u0161ka za djecu i odrasle.\",\"publisher\":{\"@id\":\"https:\/\/larah.hr\/#organization\"},\"potentialAction\":[{\"@type\":\"SearchAction\",\"target\":{\"@type\":\"EntryPoint\",\"urlTemplate\":\"https:\/\/larah.hr\/?s={search_term_string}\"},\"query-input\":{\"@type\":\"PropertyValueSpecification\",\"valueRequired\":true,\"valueName\":\"search_term_string\"}}],\"inLanguage\":\"en-US\"},{\"@type\":\"Organization\",\"@id\":\"https:\/\/larah.hr\/#organization\",\"name\":\"Larah\",\"url\":\"https:\/\/larah.hr\/\",\"logo\":{\"@type\":\"ImageObject\",\"inLanguage\":\"en-US\",\"@id\":\"https:\/\/larah.hr\/#\/schema\/logo\/image\/\",\"url\":\"https:\/\/larah.hr\/wp-content\/uploads\/2024\/07\/Screenshot-2024-07-30-at-15.35.21.png\",\"contentUrl\":\"https:\/\/larah.hr\/wp-content\/uploads\/2024\/07\/Screenshot-2024-07-30-at-15.35.21.png\",\"width\":420,\"height\":386,\"caption\":\"Larah\"},\"image\":{\"@id\":\"https:\/\/larah.hr\/#\/schema\/logo\/image\/\"},\"sameAs\":[\"https:\/\/www.facebook.com\/profile.php?id=61555652999610\"]}]}<\/script>\n<!-- \/ Yoast SEO plugin. -->","yoast_head_json":{"title":"Pozivnica u trenutak - Larah","robots":{"index":"index","follow":"follow","max-snippet":"max-snippet:-1","max-image-preview":"max-image-preview:large","max-video-preview":"max-video-preview:-1"},"canonical":"https:\/\/larah.hr\/index.php\/no-title\/","og_locale":"en_US","og_type":"article","og_title":"Pozivnica u trenutak - Larah","og_description":"Pozivnica u trenutak Doga\u0111anja u prostoru su zami\u0161ljena i kreirana kao podr\u0161ka rastu i razvoju pojedinaca i zajednice na svim razinama \u2013 fizi\u010dkoj, emocionalnoj, intelektualnoj i duhovnoj. Za sudjelovanje nije potrebno nikakvo predznanje.&nbsp;Dobro do\u0161li su svi koji su spremni upoznati nove ljude i nove na\u010dine istra\u017eivanja, u\u010denja i podr\u017eavanja. Pridru\u017ei nam se na radionicama kreiranim [&hellip;]","og_url":"https:\/\/larah.hr\/index.php\/no-title\/","og_site_name":"Larah","article_publisher":"https:\/\/www.facebook.com\/profile.php?id=61555652999610","article_modified_time":"2025-01-08T13:13:18+00:00","og_image":[{"width":708,"height":887,"url":"https:\/\/larah.hr\/wp-content\/uploads\/2024\/07\/NatIva-kartice-65x70-dragged.pdf.png","type":"image\/png"}],"twitter_card":"summary_large_image","twitter_misc":{"Est. reading time":"2 minutes"},"schema":{"@context":"https:\/\/schema.org","@graph":[{"@type":"WebPage","@id":"https:\/\/larah.hr\/index.php\/no-title\/","url":"https:\/\/larah.hr\/index.php\/no-title\/","name":"Pozivnica u trenutak - Larah","isPartOf":{"@id":"https:\/\/larah.hr\/#website"},"primaryImageOfPage":{"@id":"https:\/\/larah.hr\/index.php\/no-title\/#primaryimage"},"image":{"@id":"https:\/\/larah.hr\/index.php\/no-title\/#primaryimage"},"thumbnailUrl":"https:\/\/larah.hr\/wp-content\/uploads\/2024\/07\/NatIva-kartice-65x70-dragged.pdf.png","datePublished":"2024-07-31T13:46:00+00:00","dateModified":"2025-01-08T13:13:18+00:00","breadcrumb":{"@id":"https:\/\/larah.hr\/index.php\/no-title\/#breadcrumb"},"inLanguage":"en-US","potentialAction":[{"@type":"ReadAction","target":["https:\/\/larah.hr\/index.php\/no-title\/"]}]},{"@type":"ImageObject","inLanguage":"en-US","@id":"https:\/\/larah.hr\/index.php\/no-title\/#primaryimage","url":"https:\/\/larah.hr\/wp-content\/uploads\/2024\/07\/NatIva-kartice-65x70-dragged.pdf.png","contentUrl":"https:\/\/larah.hr\/wp-content\/uploads\/2024\/07\/NatIva-kartice-65x70-dragged.pdf.png","width":708,"height":887},{"@type":"BreadcrumbList","@id":"https:\/\/larah.hr\/index.php\/no-title\/#breadcrumb","itemListElement":[{"@type":"ListItem","position":1,"name":"Home","item":"https:\/\/larah.hr\/"},{"@type":"ListItem","position":2,"name":"Pozivnica u trenutak"}]},{"@type":"WebSite","@id":"https:\/\/larah.hr\/#website","url":"https:\/\/larah.hr\/","name":"Larah","description":"Grupna i individualna podr\u0161ka za djecu i odrasle.","publisher":{"@id":"https:\/\/larah.hr\/#organization"},"potentialAction":[{"@type":"SearchAction","target":{"@type":"EntryPoint","urlTemplate":"https:\/\/larah.hr\/?s={search_term_string}"},"query-input":{"@type":"PropertyValueSpecification","valueRequired":true,"valueName":"search_term_string"}}],"inLanguage":"en-US"},{"@type":"Organization","@id":"https:\/\/larah.hr\/#organization","name":"Larah","url":"https:\/\/larah.hr\/","logo":{"@type":"ImageObject","inLanguage":"en-US","@id":"https:\/\/larah.hr\/#\/schema\/logo\/image\/","url":"https:\/\/larah.hr\/wp-content\/uploads\/2024\/07\/Screenshot-2024-07-30-at-15.35.21.png","contentUrl":"https:\/\/larah.hr\/wp-content\/uploads\/2024\/07\/Screenshot-2024-07-30-at-15.35.21.png","width":420,"height":386,"caption":"Larah"},"image":{"@id":"https:\/\/larah.hr\/#\/schema\/logo\/image\/"},"sameAs":["https:\/\/www.facebook.com\/profile.php?id=61555652999610"]}]}},"_links":{"self":[{"href":"https:\/\/larah.hr\/index.php\/wp-json\/wp\/v2\/pages\/337","targetHints":{"allow":["GET"]}}],"collection":[{"href":"https:\/\/larah.hr\/index.php\/wp-json\/wp\/v2\/pages"}],"about":[{"href":"https:\/\/larah.hr\/index.php\/wp-json\/wp\/v2\/types\/page"}],"author":[{"embeddable":true,"href":"https:\/\/larah.hr\/index.php\/wp-json\/wp\/v2\/users\/1"}],"replies":[{"embeddable":true,"href":"https:\/\/larah.hr\/index.php\/wp-json\/wp\/v2\/comments?post=337"}],"version-history":[{"count":15,"href":"https:\/\/larah.hr\/index.php\/wp-json\/wp\/v2\/pages\/337\/revisions"}],"predecessor-version":[{"id":799,"href":"https:\/\/larah.hr\/index.php\/wp-json\/wp\/v2\/pages\/337\/revisions\/799"}],"wp:attachment":[{"href":"https:\/\/larah.hr\/index.php\/wp-json\/wp\/v2\/media?parent=337"}],"curies":[{"name":"wp","href":"https:\/\/api.w.org\/{rel}","templated":true}]}}